1 + -3145?
-2150210
In base 6, what is 1040 + -250155?
-245115
In base 6, what is -110 + 13403451?
13403341
In base 16, what is 7268 - -a84?
7cec
In base 8, what is -1477004 - -3?
-1477001
In base 7, what is 2121 + -11461255?
-11456134
In base 14, what is -9 + ba3596?
ba358b
In base 6, what is -1511423 - -30?
-1511353
In base 7, what is -61161633 - 1?
-61161634
In base 4, what is 11023032313211 - 3?
11023032313202
In base 11, what is -79a7a4a + 4?
-79a7a46
In base 12, what is -161a89 + -399?
-162266
In base 6, what is -42033 + 315100?
233023
In base 4, what is 121 - 113302110?
-113301323
In base 6, what is -544040 - -530?
-543110
In base 8, what is -2 - 24232657?
-24232661
In base 6, what is 2124551232 - 5?
2124551223
In base 3, what is -1012201 - 201012201?
-202102102
In base 16, what is -5 - 349c7b3?
-349c7b8
In base 5, what is -230212331 - 10020?
-230222401
In base 16, what is -6 - -15fa23e?
15fa238
In base 7, what is -12242 + -6560?
-22132
In base 6, what is -2 + -150053403?
-150053405
In base 15, what is 115cb1 + -d?
115ca3
In base 10, what is 32358 - -153?
32511
In base 11, what is -161580 + -107?
-161687
In base 6, what is -402542224445 + 4?
-402542224441
In base 16, what is 12ae + 1e2?
1490
In base 5, what is 23240 + -1221014?
-1142224
In base 10, what is -1491 - 169066?
-170557
In base 3, what is -210110201022100 + 10?
-210110201022020
In base 2, what is 0 + 110101001110011100101?
110101001110011100101
In base 11, what is -2201 + -2a8?
-24a9
In base 12, what is 3a7418 + -148?
3a7290
In base 8, what is 3 - 172576554?
-172576551
In base 6, what is 0 - -554435103?
554435103
In base 9, what is 4045 + 6468?
11524
In base 16, what is c9 + 448a8b?
448b54
In base 7, what is 4645 - 1355311?
-1350333
In base 7, what is -5 + 310516066?
310516061
In base 16, what is -3 - b4acfe3?
-b4acfe6
In base 13, what is -119 - 68c5?
-6a11
In base 13, what is 0 - 1b40277?
-1b40277
In base 3, what is -1012210012011 - -1021020?
-1012201220221
In base 8, what is -61202 + -12010?
-73212
In base 8, what is -3 - 51516170?
-51516173
In base 12, what is 75b3b4 - 361?
75b053
In base 16, what is 5 - -465394?
465399
In base 10, what is 40316857 - -2?
40316859
In base 10, what is 4630 + -34061?
-29431
In base 2, what is 11111011110 - 110001001111111010?
-110000110000011100
In base 8, what is -652522 + 6073?
-644427
In base 12, what is 0 - 173444b?
-173444b
In base 4, what is 200033301 - 302300?
133131001
In base 13, what is -3067a6a - 3?
-3067a70
In base 5, what is -1204 - 40332312?
-40334021
In base 9, what is 1775675 - -6?
1775682
In base 13, what is -2a1bc + 72?
-2a14a
In base 12, what is 560a1 + 146?
56227
In base 11, what is 10079671 + 13?
10079684
In base 10, what is -37645 + -282?
-37927
In base 9, what is 41544 - -5887?
47542
In base 8, what is -3104663 - -27?
-3104634
In base 13, what is 2976ab + 225?
297903
In base 15, what is -100 + 2646d4?
2645d4
In base 16, what is 4 - -158271?
158275
In base 8, what is 5 - -55712052?
55712057
In base 13, what is 135a9 - -324c?
16828
In base 4, what is -3 + 2310133203?
2310133200
In base 11, what is -23816 + -30?
-23846
In base 10, what is -39617 - 498?
-40115
In base 12, what is -25ba06 - -87?
-25b93b
In base 2, what is 100000111101 + 110010010100000?
110110011011101
In base 15, what is 2 - 58d4c5?
-58d4c3
In base 14, what is b13 + c41?
1954
In base 5, what is 3024320233 + 1?
3024320234
In base 6, what is -40531510 - 4?
-40531514
In base 11, what is 0 + 27a8436?
27a8436
In base 7, what is 144063 - 243?
143520
In base 13, what is 72 - 37376?
-37304
In base 10, what is 816400710 - -5?
816400715
In base 2, what is -111001001 + 10011001010?
1100000001
In base 7, what is -3 + 5064120424?
5064120421
In base 9, what is 4 - -2408407?
2408412
In base 13, what is -103 + 35c9c?
35b99
In base 13, what is -569a3 - 8?
-569ab
In base 2, what is -11011010011010101011100 - 0?
-11011010011010101011100
In base 6, what is 225 - 21202425?
-21202200
In base 16, what is -3 - 18345?
-18348
In base 7, what is 11 - 2330014031?
-2330014020
In base 12, what is -338 + ab64?
a828
In base 10, what is -516840537 - -4?
-516840533
In base 5, what is 4 + -11242333343?
-11242333334
In base 6, what is -54 + 41004302?
41004204
In base 3, what is 221112010000 + -222?
221112002001
In base 7, what is 21 - 6531165?
-6531144
In base 6, what is 2220200 - -3543?
2224143
In base 9, what is -1263240 + 48?
-1263181
In base 10, what is 3714663 - -5?
3714668
In base 3, what is -2112120 - 1012200110?
-1022020000
In base 2, what is -110001100010100 - -111100?
-110001011011000
In base 10, what is -13 + 6345062?
6345049
In base 16, what is -4 - 11d4f75?
-11d4f79
In base 7, what is -306544535 + 14?
-306544521
In base 7, what is 11 + -64165043?
-64165032
In base 11, what is 62 + 2a134?
2a196
In base 9, what is -3 + -238357770?
-238357773
In base 2, what is -111001100 - -101010000001011?
101001000111111
In base 14, what is 195 - 1167a?
-114c5
In base 8, what is -24071 + 104464?
60373
In base 14, what is -1 - 2a3a489?
-2a3a48a
In base 3, what is 122 - -210211121?
210212020
In base 15, what is 3 + -10ca994?
-10ca991
In base 15, what is d5a33 - 28?
d5a0a
In base 11, what is 6 + 30a209?
30a214
In base 12, what is 22200 - 1313?
20aa9
In base 7, what is -350066663 - 4?
-350100000
In base 5, what is 1014041343 + 3?
1014041401
In base 5, what is -10 - -43144404340?
43144404330
In base 16, what is -642ecf - -b?
-642ec4
In base 2, what is 10100111010100110000110001 + -11?
10100111010100110000101110
In base 5, what is 133132 + 30003011?
30141143
In base 6, what is 1551 + 1235?
3230
In base 15, what is -6697 - -1bd?
-64c9
In base 11, what is -a + 1185127?
1185118
In base 9, what is -11137 - -436?
-10601
In base 2, what is -101 + 1101100110100111100010?
1101100110100111011101
In base 10, what is -14877612 + 5?
-14877607
In base 16, what is -1945a2b0 - 0?
-1945a2b0
In base 15, what is -428d - -771?
-3a1c
In base 16, what is 620a - -342?
654c
In base 13, what is -3aa382 - -101?
-3aa281
In base 9, what is -775 - -144344?
143458
In base 6, what is 115 - 215501140?
-215501021
In base 13, what is -161bb9 - -3?
-161bb6
In base 14, what is -267bc14 - -2?
-267bc12
In base 13, what is -60aa5 - 113?
-60bb8
In base 8, what is 74506 - 6142?
66344
In base 14, what is 51a + -3872?
-3356
In base 9, what is -8558 + -8352?
-18021
In base 2, what is -1001111111 + 110111011111010?
110110001111011
In base 7, what is 1360 + -23041452?
-23040062
In base 9, what is 277 + -2651400?
-2651112
In base 2, what is 10101001010001111 - -100000010?
10101001110010001
In base 3, what is -10101120 + 110011210020?
110001101200
In base 11, what is -28233 + 3a?
-281a4
In base 15, what is -2 + 11a2d13?
11a2d11
In base 13, what is 33a80b - 16?
33a7c5
In base 4, what is -2313333123 - -10?
-2313333113
In base 6, what is 1 + -45413353?
-45413352
In base 11, what is 7 + 9000158?
9000164
In base 2, what is 1111110010100101001000100 + 101?
1111110010100101001001001
In base 12, what is 65 + 79b77?
7a020
In base 12, what is -205 + 208245?
208040
In base 11, what is 2452 + -61a6?
-3854
In base 3, what is 10202020 + -12210?
10112110
In base 9, what is 568042635 + -2?
568042633
In base 13, what is 44756a - -220?
44778a
In base 7, what is -4260366 + 32?
-4260334
In base 10, what is 21806 - 17699?
4107
In base 2, what is 11001001010111001111001 + 101?
11001001010111001111110
In base 11, what is 4 - 4839081?
-4839078
In base 14, what is 69a + d67b?
dd37
In base 6, what is -114 + 11040423?
11040305
In base 14, what is -779c2 - -111?
-778b1
In base 5, what is -110 - 120243331?
-120243441
In base 16, what is -479b58 + 4?
-479b54
In base 2, what is -101110110110010001 + -1101000?
-101110110111111001
In base 16, what is -6bf231 + -14?
-6bf245
In base 8, what is 12 + -17570000?
-17567766
In base 13, what is 3a0 - -101016?
1013b6
In base 2, what is 10110 + -111001101111110111010?
-111001101111110100100
In base 4, what is -100000031123 - 12?
-100000031201
In base 7, what is 1661410 - -4?
1661414
In base 3, what is 0 - 10100010110112?
-10100010110112
In base 4, what is -13032213130 + -123?
-13032213313
In base 10, what is -1089 + -3367?
-4456
In base 11, what is 5 - 1648967?
-1648962
In base 15, what is -3 - 42e82e?
-42e832
In base 5, what is -11 - 2